)/((-21)/36) - k?
13
Suppose 324*m - 334*m = 0. Let l(y) be the third derivative of y**6/120 + y**5/60 - y**4/24 + 19*y**3/6 - y**2. What is the remainder when l(m) is divided by 7?
5
Suppose -27 + 9 = -2*w. Calculate the remainder when 53 is divided by w.
8
Suppose -4*w - 5*x + 37 = 0, 4*w - 3*x = 2*x - 13. What is the remainder when (7 + -8)/((-1)/5) is divided by w?
2
Suppose 12 = 2*s + s. Suppose 2*r = 5*z - 15, s*z = -4*r - 0*r - 16. Calculate the remainder when 3*3*(-1)/(-3) is divided by z.
0
Let y(n) = -21*n. Let h be ((-12)/18)/((-2)/15). Suppose h*o + 23 = 323. Calculate the remainder when o is divided by y(-1).
18
Suppose 5*n - 4 - 11 = 0. Suppose n*x = 4*x - 32. Calculate the remainder when x is divided by 9.
5
Let g(p) = -p**3 - 3*p**2 - 3*p + 432. Calculate the remainder when g(0) is divided by 62.
60
Let f(z) = 7*z - 71. Calculate the remainder when f(42) is divided by 206.
17
Suppose 2*m + w - 86 = -3*m, w + 58 = 3*m. Suppose j - 10 = i, m = j - 2*i + 5. What is the remainder when 13 is divided by j?
6
Let q(a) = a**2 - 3*a - 7. Let n(g) be the second derivative of 7*g**3/6 + 9*g**2/2 + 19*g. What is the remainder when n(3) is divided by q(6)?
8
Suppose 5*x + 3 = -7. What is the remainder when -1*13/x*(-96)/(-8) is divided by 20?
18
Let f = -610 + 666. Calculate the remainder when 163 is divided by f.
51
Let c(k) = 3*k**2 + 48*k - 31. What is the remainder when 113 is divided by c(-17)?
13
Let h(k) = 5*k**3 - 6*k**2 + 2*k + 6. Calculate the remainder when h(3) is divided by (-6)/(-3) + 0 + 14.
13
Let o be 50/14 - 28/49. Let k(u) = 4*u - 9. Let q be k(o). Suppose -q*b + 5*l = -0 - 22, -5*b + 42 = -3*l. Calculate the remainder when 33 is divided by b.
6
Suppose 0 = 5*g - 5*o - 610 - 820, -5*g = 3*o - 1414. Calculate the remainder when g is divided by 137.
10
Suppose 5*y - 38 = -3*m - 9, -4*m = -3*y. Suppose -y*r - 3 = -19. Let a(t) = 3*t. What is the remainder when a(2) is divided by r?
2
Let m(w) be the second derivative of w**5/20 - 5*w**4/3 - 41*w**3/6 - 8*w**2 + 33*w. Calculate the remainder when m(22) is divided by 13.
11
Suppose 76*x = -x + 231. Calculate the remainder when (-308)/(-6) + (-1)/3 is divided by x.
0
Suppose -5*s + 370 = -2*r - 3*r, 3*s - r - 230 = 0. Calculate the remainder when 228 is divided by s.
72
Let j(c) = -c**2 + c + 14. Let b be j(4). Calculate the remainder when 3/b*(-24)/18 - -120 is divided by 20.
18
Let r be (28/35)/((-2)/20). Let m = 11 - r. What is the remainder when 75 is divided by m?
18
Let r be (-242)/(-3) + (-2)/3. Let l = -52 + r. Suppose 0 = -2*m - 5*a + 5, 0*a + 2*a = -2*m + 20. What is the remainder when l is divided by m?
13
Suppose -20*p - 15 = -23*p. Let o = 5 + p. What is the remainder when 67 is divided by o?
7
What is the remainder when (32 - 51)/(2/(-4)) is divided by (-20)/(-1) + 1 - 1?
18
Suppose m = 2*h + 76, 6*h - h = m - 73. What is the remainder when 154 is divided by m?
76
What is the remainder when 249 is divided by (-61)/244 + 209/4?
41
Let u be (0 - -8)*5/2. Suppose -29 = -5*o + 2*o - c, 4*c = 5*o - u. Calculate the remainder when 19 is divided by ((-15)/4)/((-3)/o).
9
Let u(s) = -41*s**3 + 1. Let m(z) = z**3 + 11*z**2 + 4*z - 7. Calculate the remainder when m(-5) is divided by u(-1).
39
Suppose 0 = q + 1, 2*g + 2*g - 325 = -3*q. Suppose -a - 4*m = -3*a + 38, -3*a + m + g = 0. Calculate the remainder when 113 is divided by a.
26
Let x(b) = 3*b - 4. Let y be x(4). Suppose y*k + 18 = 11*k. What is the remainder when 20 is divided by k?
2
Suppose -2*t - 4*x + 492 = -4*t, 258 = -t + 5*x. Let n = -5 - -1. What is the remainder when t/n - (-3)/2 is divided by 16?
13
Suppose 313 = 27*r - 254. Calculate the remainder when 36 is divided by r.
15
Let o(m) = -2*m - 12. What is the remainder when 133 is divided by o(-14)?
5
Let c = 1117 - 1030. What is the remainder when c is divided by 34?
19
Let g(u) = 2*u**2 + 11*u + 12. Let x be g(-6). Suppose -5 = h - x. Calculate the remainder when 24 is divided by h.
11
Let k = 35 - 32. Suppose 3*s = -2*d + 76, 38 = 4*d - k*d - 4*s. What is the remainder when d is divided by 10?
8
Suppose -779 = -49*z + 30*z. What is the remainder when 156 is divided by z?
33
Suppose 4*z - 2*z = 52. Calculate the remainder when -6*(-7 - (-32)/(-24)) is divided by z.
24
Let k(c) = -4*c + 123. What is the remainder when k(26) is divided by 6?
1
Suppose -4*r - n = -145, 3*r + 3*n = -r + 155. Calculate the remainder when 139 is divided by r.
34
Let s = 146 + -92. Let o = -27 + s. What is the remainder when o is divided by 14?
13
Let q(y) = -y**3 + y**2 + 11. Let w be q(0). Let r = -16 + w. Calculate the remainder when r*(-3)/(-9)*-3 is divided by 3.
2
Suppose -4*p - 35 = -15, t + 4*p = 2. What is the remainder when 34 is divided by t?
12
What is the remainder when 691/7 - 2/(-7) is divided by (13 + -8)/(0 - 1/(-4))?
19
What is the remainder when 50 is divided by (-36)/(-198) + (-740)/(-44)?
16
Let s be 1/4 + 45/12. Suppose -49 = -4*f + 3*z, s*f = 5*f + 5*z + 5. Calculate the remainder when f is divided by 4.
2
Suppose 2*r + 42 + 42 = 0. Let c(p) = -p**3 - 5*p**2. What is the remainder when c(-7) is divided by (693/r)/(1/(-2))?
32
Suppose 4*y = 43 + 29. Suppose 0 = 153*n - 150*n - 183. Suppose 0 = 2*o + 4, 0*z - n = -z - 4*o. What is the remainder when z is divided by y?
15
Let p(o) = 3*o**2 + 60*o + 19. What is the remainder when p(-20) is divided by (-8)/(-5)*(-5)/(-1)?
3
Let r(a) = -a**2 + 30*a - 89. Calculate the remainder when 207 is divided by r(21).
7
Suppose -4 = -4*n - 2*h, -2*n + n = 4*h + 6. What is the remainder when 54 is divided by n?
0
Let v(b) = 2*b + 3. Suppose 2*r + 0*r - 2*y - 4 = 0, 2 = -3*r - 5*y. Calculate the remainder when ((-94)/2)/(r + 1 + -3) is divided by v(5).
8
Suppose d = -24 - 0. Let m = -11 - d. What is the remainder when 50 is divided by m?
11
Let m = -210 - -323. Let v = m - 76. Calculate the remainder when 73 is divided by v.
36
Suppose 2*t - 15 = -t + 5*p, 0 = 3*t + 5*p - 45. Suppose -20 = -4*d, 3*d - 55 = -5*m - t. What is the remainder when 9 is divided by m?
3
Suppose 3*j + 24*j - 972 = 0. What is the remainder when j is divided by 19?
17
Suppose 0 = 4*t + 9*i - 8*i - 12, -3*t = 3*i. Calculate the remainder when 31 is divided by t.
3
Let l = 64 + 0. Suppose -3*s = 3*o - 21, l = 4*s - 4*o - o. What is the remainder when 32 is divided by s?
10
Let t = -288 - -325. Calculate the remainder when t is divided by 19.
18
Suppose -34*i + 457 + 1617 = 0. What is the remainder when 277 is divided by i?
33
Suppose -7*r + 68 = -11*r. Calculate the remainder when 38 is divided by (-1*1)/(r/221).
12
Let n = 257 + -237. Suppose -a - 4*i = -0*a - 3, 3*a - 41 = 4*i. Suppose -2*q + q = -a. What is the remainder when n is divided by q?
9
Let p = 253 + -124. Let z = p - 64. What is the remainder when z is divided by 17?
14
Let b(y) = y**3 + 5*y**2 - 5*y - 2. Let v be b(-5). Let h = v - 10. Suppose 0*z + 23 = z. What is the remainder when z is divided by h?
10
Suppose q - 3*q = i - 102, 2*q = 3*i - 274. Let s(p) = -7*p - 4. Let f be s(-4). Calculate the remainder when i is divided by (2 - 1)*f + 0.
22
Suppose 269 = 5*h - 3*a, 17*h - 14*h + 2*a - 169 = 0. Calculate the remainder when 272 is divided by h.
52
Suppose 29*u - 26*u - 1422 = 0. What is the remainder when u is divided by 53?
50
Suppose 84 = n + 2*n. Let p = n - 24. Suppose 2*q = -4, -p*y + 110 = -0*q + 3*q. What is the remainder when y is divided by 15?
14
Let m(z) = -30 - 27*z + 52*z - 21*z. What is the remainder when 1/(-3)*11*-9 is divided by m(12)?
15
Suppose -5*a - o + 929 = 0, 927 = 5*a - 139*o + 142*o. Calculate the remainder when a is divided by 66.
54
Suppose -c - 6 = -4*c. Suppose -4*u + 56 = n - c*n, 43 = 3*u - n. What is the remainder when 1*(0 + (49 - 0)) is divided by u?
10
Suppose -o + 4*x = 4*o - 12, -5*o - 2*x - 6 = 0. Suppose -4 + o = 4*v - 5*s, 0 = -5*v - 4*s + 36. What is the remainder when 17 is divided by v?
1
Let p = -8 - -17. Let o(j) = j**2 - 8*j. What is the remainder when 26 is divided by o(p)?
8
Let h(j) = 2*j**2 + 3*j - 31. Calculate the remainder when 74 is divided by h(4).
9
Let p(k) = 2*k**3 + 14*k**2 - 3*k - 6. Calculate the remainder when 71 is divided by p(-7).
11
Suppose 0 = 2*v - 8, -2*h - v + 138 = -2*v. What is the remainder when 151 is divide